13, what is 156 - -1?
157
In base 2, what is 1100110110 - 11?
1100110011
In base 3, what is 21021 - 2221?
11100
In base 5, what is 3 - 2221?
-2213
In base 10, what is -15 - 148?
-163
In base 6, what is -4354 - 5?
-4403
In base 11, what is 149 + 21?
16a
In base 16, what is -2 + 545?
543
In base 11, what is 1388 - 4?
1384
In base 10, what is 3 + 417?
420
In base 14, what is 1 - 97?
-96
In base 15, what is c34 - -1?
c35
In base 10, what is -81 + -4?
-85
In base 16, what is 179 - c?
16d
In base 6, what is -12 - 120?
-132
In base 4, what is 101 - -132?
233
In base 4, what is 1122333 + 11?
1123010
In base 12, what is 1 + -128?
-127
In base 15, what is -40 - 1?
-41
In base 4, what is -21 - -23111?
23030
In base 16, what is c + -22?
-16
In base 11, what is -6 + 2a?
24
In base 8, what is -111 - -5?
-104
In base 13, what is 1 - -55?
56
In base 16, what is -3 - -38?
35
In base 10, what is -5 - -88?
83
In base 11, what is -294 - -4?
-290
In base 8, what is -3513 + -3?
-3516
In base 6, what is 3 - 1111?
-1104
In base 9, what is 13480 - -1?
13481
In base 14, what is 0 + -12?
-12
In base 14, what is -1 - -1c?
1b
In base 4, what is 3 + -12?
-3
In base 6, what is 1 + 24?
25
In base 11, what is 0 + -92a?
-92a
In base 4, what is -202 - 2003?
-2211
In base 2, what is 10100010011 + 111?
10100011010
In base 16, what is -3 + 80?
7d
In base 11, what is -3a33 + -3?
-3a36
In base 6, what is -515 + 24?
-451
In base 6, what is 1023 - 2?
1021
In base 13, what is 1 - 8b?
-8a
In base 7, what is 42 + -442?
-400
In base 12, what is -2 - -5b?
59
In base 14, what is -1 + -8?
-9
In base 16, what is 7 + 3d?
44
In base 6, what is -202 - -2?
-200
In base 15, what is -5 - 203c?
-2042
In base 8, what is 2 + 377?
401
In base 2, what is -10011100100011110 - 101?
-10011100100100011
In base 13, what is -3 - 14a6?
-14a9
In base 4, what is 1310 - 2?
1302
In base 8, what is -425 + -63?
-510
In base 2, what is 0 + -1001111?
-1001111
In base 7, what is 0 + 1423?
1423
In base 14, what is 7 - -1231?
1238
In base 3, what is 1 + 10100?
10101
In base 2, what is 11 + -1010111?
-1010100
In base 6, what is 204424 - -5?
204433
In base 10, what is -3 - -106?
103
In base 14, what is 0 + 132a?
132a
In base 14, what is 0 + -46?
-46
In base 8, what is 110 - -4?
114
In base 3, what is -121 - 122021?
-122212
In base 4, what is -3 - -201?
132
In base 16, what is d - -37?
44
In base 15, what is -6 - -7?
1
In base 6, what is -210 + 11?
-155
In base 7, what is 6632 + 10?
6642
In base 9, what is 5413 + -5?
5407
In base 10, what is 4 - 0?
4
In base 5, what is 1132 - -4?
1141
In base 15, what is 2 - -1b6?
1b8
In base 14, what is -bb + 5?
-b6
In base 7, what is 2042 + 0?
2042
In base 9, what is 213 - 10?
203
In base 9, what is 467 - -12?
480
In base 4, what is 1001 + -12?
323
In base 12, what is -124 + -1b?
-143
In base 15, what is -3 - -1d?
1a
In base 13, what is -337 - 4?
-33b
In base 12, what is -4 - 528?
-530
In base 7, what is -5 - 4413?
-4421
In base 2, what is 1101 + -1010000000?
-1001110011
In base 15, what is 2 - -5cc?
5ce
In base 13, what is 0 - 96?
-96
In base 11, what is 39 + -90?
-52
In base 16, what is -51 - -3?
-4e
In base 12, what is -3730 + -1?
-3731
In base 5, what is -20 - 3204?
-3224
In base 3, what is 12112 + 1021?
20210
In base 2, what is -100011 - -111?
-11100
In base 5, what is 3 + 14?
22
In base 16, what is 1 - ef?
-ee
In base 15, what is 4 - -2a9?
2ad
In base 6, what is -11 + -2220?
-2231
In base 12, what is 11 - -38?
49
In base 4, what is 3012223 - 11?
3012212
In base 11, what is 44aa + -2?
44a8
In base 9, what is -3 - 5205?
-5208
In base 15, what is 4 - 92?
-8d
In base 4, what is 2 + 223?
231
In base 8, what is 544 - -5?
551
In base 13, what is -a9 + -7?
-b3
In base 12, what is -2a + -26?
-54
In base 2, what is 101 + 1010?
1111
In base 11, what is -7a + 1?
-79
In base 14, what is c54 - -4?
c58
In base 14, what is -4 - -744?
740
In base 4, what is -2 - -102000?
101332
In base 11, what is -1a5 - 3?
-1a8
In base 8, what is -3 + -1402?
-1405
In base 10, what is -8 + 205?
197
In base 15, what is -9 - -1?
-8
In base 3, what is 200 - -111110?
112010
In base 7, what is 1610 + -1?
1606
In base 9, what is 16 - 14?
2
In base 5, what is -1422 - -3?
-1414
In base 14, what is -3 + 481?
47c
In base 7, what is 605 + -1?
604
In base 10, what is 1 - -534?
535
In base 12, what is 717 - 1?
716
In base 4, what is -10 + 1021222?
1021212
In base 8, what is 317 + 3?
322
In base 13, what is 3 - 24?
-21
In base 13, what is 220 - 0?
220
In base 16, what is 43 - 38?
b
In base 16, what is -1 + 1b?
1a
In base 4, what is 10 + -1223?
-1213
In base 5, what is 4 + -422?
-413
In base 7, what is -10154 + 5?
-10146
In base 3, what is 0 - 11?
-11
In base 16, what is b + 2?
d
In base 2, what is 1011011 - -10011011?
11110110
In base 3, what is 2 - 11122?
-11120
In base 16, what is 9 - -132?
13b
In base 13, what is 58 - 4?
54
In base 5, what is -2410 - -2?
-2403
In base 4, what is 30 - -12?
102
In base 4, what is 3 + -111000?
-110331
In base 12, what is -1 + 101?
100
In base 10, what is 135 - 3?
132
In base 7, what is 2 - -410?
412
In base 6, what is -3 - 141?
-144
In base 9, what is 0 - 223?
-223
In base 7, what is -42 + -3?
-45
In base 11, what is -2 + 82?
80
In base 14, what is -a - -414?
408
In base 14, what is -1b - -6?
-15
In base 6, what is -11515 + -5?
-11524
In base 3, what is 12 - 1101201?
-1101112
In base 10, what is 975 + 27?
1002
In base 13, what is 59 - 0?
59
In base 16, what is -2b - 0?
-2b
In base 7, what is -5 - -114?
106
In base 10, what is -53 - -11?
-42
In base 13, what is 35 - 3?
32
In base 16, what is 246 - -6?
24c
In base 13, what is -1971 - 5?
-1976
In base 4, what is -221322 + -11?
-221333
In base 15, what is -3 + -22?
-25
In base 8, what is -4571 - 0?
-4571
In base 9, what is -5202 - -1?
-5201
In base 10, what is -58 + 1?
-57
In base 11, what is -1a07 + 0?
-1a07
In base 15, what is b3 - 3?
b0
In base 5, what is 121 - -3?
124
In base 16, what is -4 - 37?
-3b
In base 12, what is -5 - -126?
121
In base 11, what is -5 - -36?
31
In base 4, what is 1030 + -1?
1023
In base 3, what is -110 - 2000?
-2110
In base 15, what is 1e + -5?
19
In base 12, what is -2 + 6b?
69
In base 7, what is -1225 + -3?
-1231
In base 16, what is -1 - -348?
347
In base 13, what is -b2 - -2?
-b0
In base 7, what is -1 - 235?
-236
In base 2, what is 10100 - -1100001?
1110101
In base 11, what is 133 - 1?
132
In base 13, what is -30c + -1?
-310
In base 15, what is 129c + -6?
1296
In base 8, what is 13 - -1417?
1432
In base 13, what is 3 + -1bc?
-1b9
In base 8, what is -26016 + -5?
-26023
In base 10, what is 5 - -615?
620
In base 13, what is -148 - -3?
-145
In base 15, what is -5 + 124?
11e
In base 8, what is -76 + -3?
-101
In base 11, what is -4 - -805?
801
In base 9, what is 26 - 84?
-57
In base 16, what is -4 + 6c?
68
In base 10, what is 1 - 46?
-45
In base 7, what is -4305 + -1?
-4306
In base 8, what is -137 + 2?
-135
In base 13, what is -1 - 60?
-61
In base 5, what is -242 - 1?
-243
In base 9, what is -3 + 1061?
1057
In base 4, what is -103 + 11?
-32
In base 9, what is 3 + -2465?
-2462
In base 12, what is -43 + -2?
-45
In base 5, what is 121044 - -1?
121100
In base 2, what is 10 + -100010001011?
-100010001001
In base 9, what is 15 + -43?
-27
In base 3, what is 21011 - 2?
21002
In base 9, what is 131 - 43?
77
In base 7, what is -366 + 2?
-364
In base 2, what is -10000001000 + -10?
-10000001010
In base 11, what is -2 - 70?
-72
In base 8, what is -43 + -460?
-523
In base 2, what is -1 - -10101100101?
10101100100
In base 8, what is -10 + 170?
160
In base 16, what is -1 - -df?
de
In base 16, what is -3e - -21?
-1d
In base 2, what is 100010 - -101?
100111
In base 9, what is -62 + -4?
-66
In base 15, what is -9d7 - 1?
-9d8
In base 14, what is 4 - 17?
-13
In base 12, what is -1 + -58?
-59
In base 2, what is -101000 - 101?
-101101
In base 3, what is 1211 - -212?
2200
In base 9, what is -5 - 203?
-208
In base 14, what is -14bb + 0?
-14bb
In base 8, what is 401 - -15?
416
In base 10, what is 2 - 46?
-44
In base 16, what is 55 + -4?
51
In base 4, what is 211 + 10?
221
In base 11, what is -1 - 78?
-79
In base 7, what is 10334 - -2?
10336
In base 2, what is -100 + 1101100?
1101000
In base 14, what is -16d4 + 1?
-16d3
In base 11, what is 10 + -2?